{"id":2,"date":"2019-05-10T14:49:43","date_gmt":"2019-05-10T14:49:43","guid":{"rendered":"http:\/?page_id=2"},"modified":"2021-03-04T17:48:46","modified_gmt":"2021-03-04T17:48:46","slug":"sample-page","status":"publish","type":"page","link":"https:\/\/contapsmexico.com\/","title":{"rendered":"Inicio"},"content":{"rendered":"\n<p>La empresa CONTAP M\u00e9xico inicia operaciones en enero del 2015 como persona f\u00edsica con actividad empresarial, con una trayectoria de 8 a\u00f1os elaborando todo lo relacionado al sector de la recolecci\u00f3n de desechos s\u00f3lidos t\u00f3xicos y no t\u00f3xicos, as\u00ed como en el area de reciclaje. <\/p>\n\n\n\n<p>los productos que nosotros elaboramos son nuevos, siempre manteniendo un est\u00e1ndar de calidad muy alto y estricto ya que nos preocupamos por brindarle los mejores productos a cada uno de nuestros clientes, as\u00ed como la mejor atenci\u00f3n siendo eficaz y oportuna ya que trabajamos con mas de 20 empresas en toda la rep\u00fablica mexicana. <\/p>\n\n\n\n<p>Utilizamos materiales de la mas alta calidad.<\/p>\n\n\n\n<figure class=\"wp-block-embed is-type-video is-provider-youtube wp-block-embed-youtube wp-embed-aspect-16-9 wp-has-aspect-ratio\"><div class=\"wp-block-embed__wrapper\">\n<iframe title=\"Fabricaci\u00f3n de contenedores para residuos\" width=\"525\" height=\"295\" src=\"https:\/\/www.youtube.com\/embed\/0dNqUF0kI00?feature=oembed\" frameborder=\"0\" allow=\"accelerometer; autoplay; encrypted-media; gyroscope; picture-in-picture\" allowfullscreen><\/iframe>\n<\/div><\/figure>\n","protected":false},"excerpt":{"rendered":"<p>La empresa CONTAP M\u00e9xico inicia operaciones en enero del 2015 como persona f\u00edsica con actividad empresarial, con una trayectoria de 8 a\u00f1os elaborando todo lo relacionado al sector de la recolecci\u00f3n de desechos s\u00f3lidos t\u00f3xicos y no t\u00f3xicos, as\u00ed como en el area de reciclaje. los productos que nosotros elaboramos son nuevos, siempre manteniendo un &hellip; <\/p>\n<p class=\"link-more\"><a href=\"https:\/\/contapsmexico.com\/\" class=\"more-link\">Continuar leyendo<span class=\"screen-reader-text\"> &#8220;Inicio&#8221;<\/span><\/a><\/p>\n","protected":false},"author":1,"featured_media":176,"parent":0,"menu_order":0,"comment_status":"closed","ping_status":"open","template":"","meta":[],"_links":{"self":[{"href":"https:\/\/contapsmexico.com\/index.php?rest_route=\/wp\/v2\/pages\/2"}],"collection":[{"href":"https:\/\/contapsmexico.com\/index.php?rest_route=\/wp\/v2\/pages"}],"about":[{"href":"https:\/\/contapsmexico.com\/index.php?rest_route=\/wp\/v2\/types\/page"}],"author":[{"embeddable":true,"href":"https:\/\/contapsmexico.com\/index.php?rest_route=\/wp\/v2\/users\/1"}],"replies":[{"embeddable":true,"href":"https:\/\/contapsmexico.com\/index.php?rest_route=%2Fwp%2Fv2%2Fcomments&post=2"}],"version-history":[{"count":6,"href":"https:\/\/contapsmexico.com\/index.php?rest_route=\/wp\/v2\/pages\/2\/revisions"}],"predecessor-version":[{"id":179,"href":"https:\/\/contapsmexico.com\/index.php?rest_route=\/wp\/v2\/pages\/2\/revisions\/179"}],"wp:featuredmedia":[{"embeddable":true,"href":"https:\/\/contapsmexico.com\/index.php?rest_route=\/wp\/v2\/media\/176"}],"wp:attachment":[{"href":"https:\/\/contapsmexico.com\/index.php?rest_route=%2Fwp%2Fv2%2Fmedia&parent=2"}],"curies":[{"name":"wp","href":"https:\/\/api.w.org\/{rel}","templated":true}]}}